t is 122012 (base 3) in base 13?
299
2231212 (base 5) to base 2
1001101010000101
-581 (base 11) to base 2
-1010110110
Convert -22703 (base 10) to base 7.
-123122
-450 (base 13) to base 6
-3233
18d (base 14) to base 7
636
What is -11111001000110 (base 2) in base 15?
-4acc
Convert 5335 (base 7) to base 10.
1888
What is 234235 (base 6) in base 12?
b97b
What is 558 (base 9) in base 12?
322
What is -13535 (base 8) in base 3?
-22012112
430 (base 13) to base 10
715
What is -331430 (base 7) in base 6?
-1125212
Convert -1022101 (base 3) to base 14.
-4c3
What is -10010001010 (base 2) in base 16?
-48a
-4199 (base 11) to base 7
-22122
Convert 517a (base 11) to base 10.
6863
12ec3 (base 15) to base 3
10002021110
-3b76 (base 12) to base 7
-25665
Convert -9105 (base 15) to base 3.
-1112222112
101020 (base 3) to base 9
336
-397c (base 16) to base 7
-60622
8692 (base 10) to base 14
324c
Convert -10303121 (base 4) to base 12.
-b475
Convert -879 (base 11) to base 3.
-1110001
What is 1314 (base 7) in base 13?
2c7
What is 1113 (base 5) in base 3?
12212
What is 2193 (base 10) in base 13?
cc9
What is 1161 (base 8) in base 15?
2ba
What is -265 (base 7) in base 11?
-122
Convert -32564 (base 10) to base 4.
-13330310
What is -151205 (base 6) in base 2?
-11100011010101
What is -1583 (base 10) in base 12?
-abb
-10110101 (base 2) to base 12
-131
Convert -11001000010000 (base 2) to base 6.
-135200
What is 4891 (base 15) in base 5?
443221
Convert 35a3 (base 13) to base 12.
4469
-1848 (base 16) to base 13
-2aa2
What is -555 (base 6) in base 2?
-11010111
Convert 585 (base 12) to base 14.
429
Convert -14322 (base 8) to base 16.
-18d2
-776 (base 10) to base 11
-646
Convert 12322 (base 4) to base 15.
1e7
-5266 (base 11) to base 9
-10503
144 (base 16) to base 2
101000100
11000100111010 (base 2) to base 6
134202
What is -1101001000110 (base 2) in base 9?
-10203
Convert ad70 (base 14) to base 3.
1112021022
205 (base 12) to base 4
10211
252 (base 9) to base 7
416
Convert -b6 (base 15) to base 10.
-171
Convert -10110011 (base 2) to base 12.
-12b
Convert -1133 (base 8) to base 7.
-1521
What is -3043 (base 6) in base 12?
-483
Convert 125167 (base 8) to base 12.
21307
What is -241 (base 11) in base 2?
-100011111
Convert -19043 (base 11) to base 15.
-7d7c
What is -78a (base 14) in base 5?
-21434
Convert -24543 (base 8) to base 15.
-3215
2357 (base 14) to base 2
1100000001001
What is -2322022 (base 4) in base 15?
-37e4
3 (base 7) to base 8
3
-141011 (base 5) to base 13
-280a
Convert 12359 (base 10) to base 6.
133115
Convert -225123 (base 6) to base 8.
-45513
Convert -993 (base 11) to base 7.
-3321
242552 (base 6) to base 13
9968
Convert -1513 (base 9) to base 4.
-101322
Convert 91 (base 13) to base 11.
a8
Convert 1bb50 (base 13) to base 8.
152574
What is -122020120 (base 3) in base 15?
-3ad0
-1439 (base 13) to base 4
-231221
What is 7226 (base 9) in base 13?
253b
What is -10d (base 15) in base 16?
-ee
-30010 (base 6) to base 4
-330312
Convert 21768 (base 9) to base 3.
201212022
Convert -2580 (base 9) to base 5.
-30220
-1ea (base 15) to base 4
-12331
Convert -1001101000010010 (base 2) to base 4.
-21220102
What is -1036 (base 7) in base 11?
-307
What is 7b3 (base 15) in base 4?
123033
What is -208 (base 11) in base 13?
-163
What is -1916 (base 12) in base 10?
-3042
-426 (base 9) to base 6
-1340
Convert 41c6 (base 13) to base 5.
242434
What is 2605 (base 7) in base 10?
985
Convert -12352 (base 6) to base 13.
-b09
What is 11111 (base 3) in base 5?
441
Convert -1790 (base 10) to base 2.
-11011111110
Convert -112002 (base 6) to base 9.
-14032
Convert 2031 (base 8) to base 14.
54d
What is -2321 (base 12) in base 9?
-5327
Convert 6354 (base 11) to base 13.
3a9a
24303 (base 6) to base 9
4803
Convert -2204 (base 6) to base 16.
-1fc
176374 (base 8) to base 2
1111110011111100
What is 2273 (base 8) in base 11?
a01
-1011111110011 (base 2) to base 16
-17f3
Convert -10101 (base 4) to base 13.
-180
3064 (base 14) to base 3
102102011
What is -10030 (base 4) in base 16?
-10c
-622 (base 8) to base 14
-20a
What is -582 (base 12) in base 5?
-11233
Convert a60 (base 15) to base 6.
14500
Convert 247 (base 9) to base 15.
da
Convert -1203 (base 6) to base 9.
-353
What is 223144 (base 5) in base 10?
7924
Convert 3135 (base 8) to base 15.
739
Convert -2594b (base 12) to base 3.
-2121121012
What is -120022 (base 3) in base 8?
-635
What is -74 (base 13) in base 6?
-235
What is 8c (base 16) in base 12?
b8
336 (base 11) to base 6
1510
Convert 12a2 (base 13) to base 6.
20203
34250 (base 7) to base 5
234313
What is 45342 (base 11) in base 2?
10000000001011100
What is 30313 (base 4) in base 12?
587
Convert 787 (base 16) to base 14.
9b9
Convert 1234 (base 8) to base 10.
668
Convert 15506 (base 9) to base 13.
4aa9
What is -11010001111110 (base 2) in base 14?
-4c7c
What is 1ca (base 16) in base 8?
712
Convert 33e (base 15) to base 16.
2de
What is -131 (base 10) in base 16?
-83
-792 (base 10) to base 16
-318
-202 (base 10) to base 3
-21111
Convert -111121001 (base 3) to base 4.
-2122312
What is 34234 (base 5) in base 8?
4614
What is 2004 (base 7) in base 3?
221120
What is 1073 (base 8) in base 10?
571
-2659 (base 13) to base 11
-4134
What is -100110011 (base 2) in base 7?
-616
149a (base 14) to base 7
13453
7818 (base 11) to base 10
10304
What is 2150 (base 9) in base 10?
1584
Convert 294 (base 11) to base 9.
423
What is -326b (base 13) in base 4?
-1231222
-10103 (base 8) to base 16
-1043
24663 (base 7) to base 3
22221020
12230 (base 7) to base 13
15c8
Convert -104431 (base 5) to base 13.
-191a
What is -2201120220 (base 3) in base 4?
-31012032
-15246 (base 9) to base 14
-3b18
Convert 28b8 (base 16) to base 10.
10424
What is -11201130 (base 4) in base 3?
-1011000210
Convert 20201122 (base 3) to base 4.
1030220
18b (base 16) to base 8
613
1111001101010 (base 2) to base 6
100014
10231213 (base 4) to base 8
45547
What is 1402 (base 6) in base 7?
1025
-4b46 (base 12) to base 6
-103330
Convert -63a (base 11) to base 6.
-3321
-433452 (base 6) to base 2
-1000101111101000
What is -21032 (base 4) in base 16?
-24e
3576 (base 8) to base 13
b47
What is 104301 (base 5) in base 13?
18b9
What is 11661 (base 7) in base 13?
1530
210031 (base 4) to base 6
14421
Convert 4b81 (base 13) to base 6.
121440
-5984 (base 15) to base 3
-222002121
-1103 (base 9) to base 7
-2241
What is -15c (base 13) in base 2?
-11110110
What is b900 (base 12) in base 3?
1000212000
What is -111011010 (base 2) in base 9?
-576
11011001000 (base 2) to base 14
8c0
Convert 452 (base 15) to base 2.
1111010001
What is -5a42 (base 15) in base 5?
-1103222
What is -2130003 (base 4) in base 5?
-304422
What is -13313 (base 4) in base 2?
-111110111
2a21 (base 13) to base 15
1c26
Convert -11111010000 (base 2) to base 13.
-bab
What is 243040 (base 5) in base 2?
10001110111001
Convert 1010101111 (base 2) to base 6.
3103
-b5b2 (base 12) to base 14
-734a
What is -666 (base 8) in base 13?
-279
-10101 (base 3) to base 16
-5b
What is -129b2 (base 13) in base 15?
-a3d1
1100221 (base 4) to base 14
1c49
468 (base 16) to base 13
68a
What is 551243 (base 6) in base 3?
2022122200
What is 5464 (base 13) in base 9?
17087
2434 (base 9) to base 6
12221
Convert 11011110110 (base 2) to base 3.
2110000
What is c95 (base 13) in base 7?
6161
Convert 11176 (base 8) to base 12.
28a6
Convert -436 (base 10) to base 14.
-232
What is 37ca (base 14) in base 2?
10011000110110
Convert -3301 (base 5) to base 13.
-289
What is -1375 (base 11) in base 6?
-12120
Convert -190 (base 12) to base 7.
-510
-403 (base 12) to base 5
-4304
Convert -140 (base 7) to base 9.
-85
1403 (base 5) to base 13
147
-2122210 (base 3) to base 5
-30223
Convert 15224 (base 7) to base 10.
4232
Convert -15523 (base 7) to base 16.
-111a
Convert 101010110 (base 2) to base 6.
1330
Convert -139 (base 14) to base 8.
-367
Convert -52175 (base 10) to base 12.
-2623b
What is -363 (base 11) in base 13?
-273
-30927 (base 10) to base 7
-156111
-42270 (base 9) to base 4
-12310113
Convert 12021201 (base 3) to base 5.
110403
What is 2027 (base 8) in base 14?
54b
What is -528 (base 9) in base 15?
-1db
Convert -1948 (base 10) to base 11.
-1511
What is -1143430 (base 5) in base 4?
-11103230
Convert -150041 (base 7) to base 11.
-1a73a
What is 111001110 (base 2